 m and 512?
8
Let a be ((2925/6)/13)/((-18)/(-84)). Let k(x) = x**2 + 4*x + 35. Let p be k(0). What is the highest common divisor of p and a?
35
Let h(s) = -4*s**3 + 4*s**2 + 6*s - 14. Let m be h(-3). Suppose -4*t - 13 = -125. Calculate the highest common divisor of m and t.
28
Let a be (-8)/((-72)/27) + (1 - -10*7). Calculate the greatest common factor of a and 15614.
74
Let p(t) = 297*t**2 - 54*t - 54. Let h be p(-1). Calculate the highest common factor of h and 729.
27
Let m be 15/(30/152) - -8. What is the greatest common divisor of 18060 and m?
84
Suppose 553*t - 539*t = 644. Calculate the greatest common factor of 1127 and t.
23
Let m be 5 + (2 - 2 - 2). Let d = -55 - -57. Suppose 4*y + 3*a = 6, -4*y + d + 6 = 2*a. Calculate the greatest common factor of m and y.
3
Suppose 23*m = 5*m + 72. Suppose -12 = -3*c, 2*g + m*c = -g + 259. What is the highest common divisor of 9 and g?
9
Let q(v) = -32*v + 26. Let m be q(7). Let p = m + 348. Calculate the highest common factor of p and 6.
6
Let n be (2/(-10) + (-11280)/(-25))*(-28)/(-28). Suppose -3*z + 41 = -2*z. What is the highest common factor of z and n?
41
Let m = -28635 - -28679. What is the highest common divisor of m and 16247?
11
Let x be 60/570 - (888/(-57))/4. Suppose -380 = -4*j + 4*w, j - 80 = -0*j + x*w. Calculate the highest common divisor of j and 10.
10
Let x be (-254)/((-13)/(-7904)*-8). Calculate the greatest common divisor of 152 and x.
152
Let i be ((-90)/75)/(2/(-80)). Let f be 1206/30 + 1/(-5). Let t = i - f. What is the highest common divisor of 10 and t?
2
Let l be 9 - ((0 - 2) + 0). Let k be 54/66 - (-4)/22. Let q be (1 + 1 - k)*44044/364. What is the greatest common factor of l and q?
11
Suppose -2*t + 43 = 15. Suppose b = -q - 0 + 1, -5*b + 4*q = -t. Suppose b = -3*s + s + 3*c, 5*c - 20 = -5*s. Calculate the greatest common divisor of 2 and s.
2
Let a be 4*5*(2 + 0). Let j be 1/2*(-9912)/(-413). Calculate the greatest common divisor of j and a.
4
Let f = -103 - -493. What is the greatest common factor of f and 240?
30
Suppose n + 1 = -14. Let i(s) = -s**2 - 23*s - 21. Let d be i(n). Let w = -65 + d. Calculate the greatest common factor of 2 and w.
2
Suppose 3*z - 34*i = -32*i + 154, 0 = z + 5*i - 57. Suppose 0 = 4*u - 13 - 39. What is the highest common factor of z and u?
13
Suppose 28*h + 1295 = 23*h. Let r = -215 - h. Calculate the greatest common divisor of r and 154.
22
Let g be (11 - 90/12)*302. What is the highest common divisor of g and 4681?
151
Let v = -2396 - -2411. What is the highest common factor of v and 50?
5
Let k be 36/(-15)*((-728)/39 + 2). What is the greatest common divisor of 4040 and k?
40
Let r(h) = 9*h**3 + 7*h**2 - 7*h + 5. Let s be r(4). Let w be 1*(-2)/(-3) - s/(-15). Calculate the highest common divisor of 10 and w.
5
Let s(d) = -2*d + 6. Let k(v) = -v - 11. Let l be k(-14). Let z be (l/(-2))/((-1)/(-2)). Let x be s(z). Calculate the highest common factor of x and 3.
3
Let f(h) = h**2 + 12*h + 3. Let q be f(-12). Let y be q/(-9) + 6494/6. Let p be y/22 - (0 - (-4)/22). What is the highest common factor of 7 and p?
7
Let z(a) = 469*a - 663. Let t be z(2). What is the highest common divisor of t and 10?
5
Let d(g) = g + 138. Let x be d(-6). Suppose -2*a + o + 2 + 1 = 0, a - o - 3 = 0. Suppose a = -6*w + 3*w + x. Calculate the greatest common factor of 33 and w.
11
Let c be (28 - 8)/10 - -11*(16 + 1). Calculate the highest common factor of 180 and c.
9
Let x = 712 + -249. Let p = x - 283. What is the highest common divisor of p and 60?
60
Let c be 1 - -4 - (36/(-4) - -5). What is the highest common divisor of c and 1125?
9
Let w(y) = 22*y - 21. Let g be w(3). Calculate the greatest common factor of 105 and g.
15
Let j = 12 - 5. Let v be (-3 + 85/34)/((-2)/252). Calculate the greatest common divisor of j and v.
7
Let k(a) = 40*a**2 - 1533*a - 6126. Let g be k(-4). Calculate the greatest common factor of g and 680.
34
Let v = -26418 + 26427. Calculate the highest common divisor of 6543 and v.
9
Suppose -t + 6*t - 10 = 0. Let k be -6 + 4 - (1 - 7). Suppose -5*x + x - 258 = -t*y, 0 = k*y - 2*x - 534. What is the greatest common divisor of 15 and y?
15
Suppose 7*c + 5*c - 2366 = -14*c. Calculate the highest common factor of c and 442.
13
Let q = 45 + -15. Suppose -2*h + 12 = -d - 6*h, -2*h = -d - q. Let g = d + 41. What is the greatest common factor of 136 and g?
17
Let l be (12/18)/((-2)/(-30)). Let g(b) = -b**2 + 50*b - 311. Let c be g(37). Calculate the greatest common divisor of c and l.
10
Suppose -6*b + 5*b = 1. Let x(l) = -3*l - 1. Let d be x(b). Suppose -d*u - 7*u = -54. What is the greatest common factor of 42 and u?
6
Let f = -519 - -363. Let t be (-28)/13 + 2 + (-648)/f. Suppose 2*h - 128 = -3*j + 4*h, -t*j = 5*h - 163. Calculate the highest common factor of 70 and j.
14
Let d = 30562 + -28671. What is the highest common divisor of 62 and d?
31
Let h = 7308 - 6089. What is the greatest common divisor of 92 and h?
23
Suppose 295 + 341 = -4*r. Let z = r + 187. Let b(a) = 41*a**2 + 2*a - 1. Let v be b(1). Calculate the highest common divisor of v and z.
14
Suppose 11341*u = 11365*u - 168. What is the highest common factor of u and 6167?
7
Let n = 120 - 113. Let u be n/(14/204) + 0. Let q = u + -64. Calculate the highest common divisor of q and 38.
38
Suppose 0 = -10*m + 8594 - 1544. What is the highest common divisor of 423 and m?
141
Suppose 58*j - 3*x = 55*j + 213, 5*x + 211 = 3*j. What is the highest common factor of 1776 and j?
24
Let n(k) = -k**2 - 34*k + 72. Let s be n(-26). Suppose f - 4*b - 334 = 0, -3*b + 201 = -f + 539. What is the greatest common factor of f and s?
70
Suppose 9*w = 5*w + 28. Suppose w*d - 2*d - 6 = y, 4*d = 4*y - 8. Calculate the greatest common divisor of 3 and d.
1
Let q = -439 - -531. What is the highest common divisor of 9476 and q?
92
Let d = 929 - 926. Let j be 5 + (-4224)/(-60) + d/5. What is the greatest common factor of j and 4?
4
Let w = -16 + -2. Let r be (28/(-6))/(w/81). Suppose -3*n + 12 = 0, 2*g + 7 - 129 = n. Calculate the highest common factor of r and g.
21
Suppose -975 = -5*i - 4*m, 6*m - 4*m - 10 = 0. Suppose 0 = -2*o + 129 + i. Let r = 75 - 35. What is the greatest common factor of o and r?
40
Let t = -6947 - -19940. What is the greatest common factor of t and 426?
213
Let j = -29 - -73. Suppose -6*u + u + d = 7, 5*u - 3*d + 11 = 0. Let b = u - -5. Calculate the greatest common divisor of j and b.
4
Let m = -9379 + 9403. Calculate the highest common factor of 732 and m.
12
Let f be -218*6/9*(-189)/42. What is the highest common divisor of f and 6?
6
Suppose -504 = -4*c + 2*w, -w = -5*c + 2*c + 378. Suppose -4*r - 10 = -4*p + c, r + 68 = 2*p. Calculate the highest common divisor of p and 34.
34
Suppose 0 = -14*y + 18*y + 5*g - 2327, -3*y = 4*g - 1746. What is the greatest common factor of 782 and y?
34
Suppose -216*j - 18155 = -315939 - 149336. What is the highest common divisor of 460 and j?
230
Suppose -5*s - 58 = -p, -p - 386 = -6*p + s. What is the highest common divisor of 13390 and p?
26
Let c be (((-7695)/30)/(-27))/(((-5)/(-186))/5). What is the highest common factor of c and 57?
57
Let i(z) = 520*z + 450. Let c be i(0). What is the greatest common factor of c and 1600?
50
Suppose 0 = 193*i - 147*i - 51888. What is the highest common factor of i and 72?
24
Let j(u) = -u**3 - 24*u**2 + 108*u - 25. Let k be j(-28). Suppose -4*l - 824 = -4*s, -2*s + l + 403 = 2*l. What is the greatest common factor of k and s?
29
Let h(l) = -14*l**3 + 55*l**2 + 8*l - 5. Let n be h(4). Suppose 108 = -5*u + 313. Let b = -8 + u. Calculate the highest common divisor of n and b.
11
Let d(k) = 21*k - 1210. Let u be d(59). What is the highest common divisor of 2813 and u?
29
Suppose -731 = -19*o + 4133. Suppose 29 - 157 = -4*a. What is the highest common divisor of a and o?
32
Let i(v) = -5*v**3 + v**2 + 2*v + 1. Let d be i(-1). Suppose -2*h = 4, -d*h = 5*r - 197 - 103. What is the greatest common factor of 155 and r?
31
Suppose 5*u - 16 = -4*f + 2*u, 0 = -4*f - 4*u + 16. Suppose k = -5, f*q + 4 + 9 = -5*k. What is the greatest common factor of q and 1?
1
Suppose 5*o + 310 = 3*u, -152*o + 154*o - 448 = -4*u. What is the highest common divisor of 3190 and u?
110
Suppose -81*v + 80*v + 31 = 0. Suppose 4*s - v